2)/2. Suppose 0*v = d*v. Suppose 4*i - 7 = -2*f + 39, -3*f - 4*i + 77 = v. Is f a composite number?
False
Suppose -2*o - 4*b = b - 30, 45 = 5*o + 5*b. Suppose -2*t + o*i + 144 = -8111, 3*t = -4*i + 12325. Is t a prime number?
False
Suppose -29*y + h = -24*y - 139668, -y + h + 27936 = 0. Is y a composite number?
True
Suppose 3*c - 4 = -5*i, 0*i + 16 = 4*c - 4*i. Is -742*((-21)/6 + c) composite?
True
Let r be -1 + 832 + 12/(-4). Suppose 2*y + y - r = 0. Suppose 0 = -2*x + 5*x - c - 264, -3*x + y = 3*c. Is x composite?
False
Let r(t) = -t**3 + 40*t**2 - 60*t - 54. Is r(32) a prime number?
False
Let n be (1 + 1 + -1)*7. Let r = n + -7. Is 23/(1 + r + 0) composite?
False
Suppose 6*k - 122 = 4*k. Suppose -2*d + k = -d - o, -2*d = 4*o - 104. Is d a composite number?
True
Let a = 0 - 9. Is a/24 - 12248/(-64) a composite number?
False
Suppose 1 = -0*i - i, -3660 = -2*v + 2*i. Let t = 3268 - v. Is t composite?
False
Let u = -331 + 1228. Let f be (-3)/(-6) - (-1181)/(-2). Let m = f + u. Is m a composite number?
False
Suppose 0 = -7*h + 5*h + 10. Is (2721/(-6))/(h/(-10)) prime?
True
Let j(c) = -1082*c**3 - 2*c**2 + 19*c + 41. Is j(-2) composite?
True
Let a = -2659 - -4950. Is a prime?
False
Suppose 0 = -2*b - 2*b + 2*o + 68838, -b + 17208 = -o. Is b a prime number?
False
Suppose -363858 = -24*g + 355830. Is g composite?
True
Suppose 0 = -5*k - 3*t - 458 - 806, 4*k + 5*t + 1006 = 0. Is k*(1 + (-12)/8) a composite number?
False
Let n(x) = 47*x - 11. Let k(z) = -235*z + 56. Let h(i) = 6*k(i) + 33*n(i). Is h(8) a composite number?
True
Let r = 3080 - -2034. Is r a prime number?
False
Suppose -1207203 = -27*s - 30*s. Is s a prime number?
True
Let m be ((15/(-4) - -2) + 3)*4. Suppose -y + m*n + 467 = 0, -4*y - 2*n - 3*n + 1968 = 0. Is y a prime number?
True
Suppose 11*k = 73182 + 61997. Is k composite?
False
Let s(r) = r**3 - 7*r**2 - 7*r + 5. Let q be s(8). Let t = q + -10. Suppose -1014 - 339 = -t*d. Is d a composite number?
True
Let p(y) = -y**3 - 3*y**2 + y - 5. Let j = 16 + -14. Suppose 4 = -d - j*m, 3*d + 4*m - 16 = 4*d. Is p(d) a prime number?
True
Let q = 8892 + 20021. Is q composite?
True
Let b be (8/6)/(2/6). Suppose -b*r + 433 + 1323 = 0. Is r composite?
False
Let g be (50/8)/((-13)/(-3016)). Suppose -5*f + 664 = -3*n - 780, -5*f + 5*n = -g. Is f prime?
False
Is (-32)/12 + 2 + 659871/27 prime?
True
Let m = -333 + 329. Let v be (-9)/7 + 4/14. Is (v/m)/(8/2528) a prime number?
True
Suppose q - 398 - 557 = 0. Let a = -76 + q. Is a a composite number?
True
Let n be ((-8)/(-20))/((-2)/40). Let d = n - -8. Suppose -5*l - 324 + 889 = d. Is l prime?
True
Suppose 0*x + 4*j = 4*x - 696, 3*j + 3 = 0. Suppose 3*l = -d + 172, d - 4*l + x = 2*d. Is d a prime number?
False
Suppose 5*x - 6 = 2*x. Suppose x*f - 15*f + 6721 = 0. Is f prime?
False
Let a(i) = -6*i**3 + 2*i**2 + 19*i - 8. Is a(-11) a composite number?
False
Is 1/(-2)*(-5 + -6759 + 6) a composite number?
True
Suppose -1567 = -3*s - g, 4*s + 4*g + 0*g = 2076. Let f be 5/(s/174 - 3). Let i = f - 286. Is i composite?
False
Suppose 39 = 5*m - 96. Suppose -4*z = m - 295. Let d = 102 - z. Is d a prime number?
False
Let j(g) = g**3 - 4*g**2 - 5*g - 5. Let k be j(6). Suppose 0*i = i + 23. Let z = k + i. Is z composite?
True
Let h(z) = -65*z**3 - z**2 + 2*z - 1. Let c be h(2). Let b = 1200 + c. Is b prime?
False
Suppose -174194 = -r - 2*y - 9123, 0 = 2*r + y - 330136. Is r composite?
True
Suppose -97916 = -19*g + 24083. Is g a composite number?
False
Suppose 0 = 3*w - 1103 - 55990. Is w composite?
False
Let m = 1712 + -3279. Let b = 2718 + m. Is b prime?
True
Suppose -1 + 13 = 3*f. Suppose -10 = 5*m, -f*g - 275 = -3*m - 1397. Let h = g + 28. Is h a composite number?
False
Suppose -22912 - 22346 = -6*z. Is z a composite number?
True
Suppose -31240 - 10813 = -11*v. Is v a composite number?
False
Let b(w) = w**3 + 10*w**2 + 4*w + 10. Suppose 5*u - 3*u + 18 = 0. Let m be b(u). Is 8987/m + (-2)/5 prime?
True
Let p be -5*2*(-3)/6. Suppose p*h = 12 + 8. Suppose -4*a = -3*v - 808, h*a + 3*v = 4*v + 800. Is a prime?
True
Let w(d) be the first derivative of -d**4/4 - 7*d**3/3 - 9*d**2/2 - 11*d - 13. Is w(-6) composite?
False
Let z(j) = 40*j**2 + 20*j - 107. Is z(-17) prime?
True
Is (-4)/9 + (-499475)/(-45) composite?
True
Is ((-11)/(-2))/(2 + (-28665)/14334) prime?
False
Suppose -7*j - 4842 - 156 = 0. Let b = -335 - j. Is b composite?
False
Let o(c) be the third derivative of 6*c**2 + 0*c + c**3 + 37/24*c**4 + 0. Is o(5) composite?
False
Suppose -240 = -3*d + 2*s, -3*d + 227 + 7 = -4*s. Let u be ((-2)/4*d)/(-1). Suppose -3*n + 16 + u = 0. Is n a prime number?
True
Let y be (-1)/((12/(-13484))/3). Suppose -8*u + 2205 = -y. Is u prime?
False
Let y(l) = l**2 - 2*l - 12. Let z be y(5). Suppose 3*o + s = 3343, 3*o + 2*o - 5569 = -z*s. Suppose 4*j + j = o. Is j composite?
False
Suppose 3*s = -26 + 14. Let b(x) = -4*x + 7 + 41*x**2 + 5*x + x. Is b(s) composite?
True
Let q(k) = 47*k**3 + 3*k**2 + 25*k - 94. Is q(5) a prime number?
True
Let c = 36220 + -21167. Is c composite?
False
Let u(z) = z**3 + 4*z**2 - 11*z + 2. Let b(j) = j**2 + 9*j + 8. Let a be b(-7). Let k be u(a). Is (-42)/k*408/36 composite?
True
Let t(c) = 4*c + 4. Let r be t(-4). Let y be -2 + r/(0 + -3). Suppose y*g + 562 = 2*x + 6*g, -x + 299 = -4*g. Is x a composite number?
True
Suppose -3*s - 7 = 2. Let b = s + 8. Suppose 15 = -b*q + 50. Is q composite?
False
Let z(h) = 34*h**3 - h**2 - h + 1. Suppose -14 = -3*m - 11. Is z(m) a prime number?
False
Let q = -18564 - -26363. Is q a prime number?
False
Suppose 9160 = 2*i + 6*i. Is (-4)/(-8) + i/2 a composite number?
True
Is 44 - (-1 + (-8)/(-4)) composite?
False
Suppose -16*q - 5633 = -17*q. Is q a composite number?
True
Let s be (-4 - 28/(-8))*8*1. Is 1191 - (96/(-42) + s/(-14)) composite?
False
Let p = 2 + 2. Suppose 4*n = -3*z + 2965, -5*z = -p*n + 961 + 2012. Suppose f - n + 9 = 0. Is f a composite number?
False
Let z = 1 - -16. Suppose z - 545 = -3*s. Let w = -117 + s. Is w prime?
True
Let i = -49 - -53. Suppose -5*b = -i*p - 3249, 3*b - 1955 = -2*p + 3*p. Is b a prime number?
True
Let a be -3*4/6*-1. Suppose -a*t = -4*x - 302 - 308, 4*t - 1210 = -2*x. Is t a composite number?
True
Suppose 3*o - 28 = 8. Is (2468/o)/1 + 4/(-6) prime?
False
Suppose -4*a + 5 = 25. Let g be (-2)/a - (-7396)/10. Suppose -g = i - 5*i. Is i prime?
False
Let m(j) be the first derivative of 51*j**3 - 7*j**2/2 - 7*j + 9. Is m(-3) a prime number?
False
Suppose -13653 = -2*s + 10073. Is s a prime number?
True
Suppose 4*g + q = -0*g + 4877, 3*q + 4889 = 4*g. Let z = -679 + g. Is z prime?
True
Suppose 3*q + k = 38, 0 = -2*k - 0 + 10. Suppose 3*y - 9 + 3 = 0. Let a = q - y. Is a a prime number?
False
Let r be 1215 + 3/((-12)/(-8)). Let p = -480 + r. Is p prime?
False
Suppose -21 = -2*g + 13. Suppose 1 + 7 = -2*v. Let f = v + g. Is f a composite number?
False
Suppose -2*x + 5*x - 2*s + 4 = 0, -5*x - 5 = -3*s. Suppose 10*d - x*d - 4008 = 0. Is d prime?
False
Suppose 4*a + 104 = 24. Let n = -12 - a. Is (-4212)/(-20) - n/(-20) composite?
False
Let h(s) = -3*s**2 - 2*s + 1. Let d be h(2). Let k be 4/(-10) + 52/5. Is 3306/k - 6/d a composite number?
False
Let k(n) be the first derivative of n**4/4 - 4*n**3/3 - 3*n**2 + 3*n - 22. Is k(8) a prime number?
True
Suppose 263*o - 70865 = 258*o. Is o a composite number?
False
Let h be (5 - 6) + -2*245. Let i = h - -1690. Is i composite?
True
Let d(t) = -1343*t**3 + 2*t**2 + 2*t. Is d(-1) prime?
False
Suppose 0 = 1195*k - 1198*k + 9057. Is k composite?
False
Let n = -2454 + 5173. Suppose -2*m + n = 2*q - 3*m, 3*m = -q + 1370. Is q prime?
True
Let a(q) = 2 - 3*q**2 + 5*q**2 - 2*q + 2*q**2 - 5*q**2 - 4*q**3. Let t be a(-6). Suppose -5*x = -693 - t. Is x prime?
True
Let k(h) = -940*h - 8. Let b be k(-3). Suppose -2*u = 2*f - 3690, -5*f - 2*u + b = -6419. Is f a prime number?
True
Let s be (0 - 294/15)*5. Let p be 3 - 218/(1 + -2). Let m = p + s. Is m a prime number?
False
Is (-273734)/(-22) - 354/(-649) a composite number?
True
Is (-47 - -174)/((-3)/(-813)) prime?
False
Let p(u) = u - 8. Let k be p(11). Suppose 2*f = 4*f - k*l + 81, 5*l - 122 = 3*f. Let m = f - -88. Is m composite?
True
Let r = -4162 + 6690. Suppose 4*l - 3*o = 1219 + r, -2804 = -3*l + o. Let a = -448 + l. Is a a prime number?
False
Suppose 